True
Let d = -8419 - -23472. Is d prime?
True
Let q be (-50)/125 - (-82)/5. Let n(u) = 232*u - 155. Is n(q) a composite number?
False
Is (-13)/208*8 + 402598/4 composite?
False
Let b = -1019 - -4692. Suppose -b = -9*d + 125. Is d a prime number?
False
Suppose 15*n = 25*n + 28*n - 32879956. Is n prime?
False
Suppose -3*f = -8*f - 2*a - 140, 3*f + 110 = 4*a. Is (4 - (-102)/f)*2045 a prime number?
False
Let k be (-15)/(-6)*13/(195/42). Let p(u) = 304*u**2 + 3*u + 36. Is p(k) composite?
True
Let f(s) = 924*s + 29. Let j be f(7). Let z = j + -982. Is z prime?
False
Suppose -2*i = 3*i - 15. Suppose i*q - 5 - 1 = 0. Suppose -q*w + 395 = -w. Is w a prime number?
False
Let h(r) = -9 + 4*r**2 + r + 2*r**3 - r**3 - 7*r. Let s be h(-5). Is (238/s + 4)*-2 a composite number?
True
Suppose b - 5*b + 855 = -r, 5*r + 4231 = -2*b. Suppose -13*n - 140 - 4800 = 0. Let m = n - r. Is m prime?
True
Let o be (-2)/(0 - -2) + 4. Suppose -11*h - 536 = -145*h. Suppose h*s = o*f + 547, s + 3*f = 70 + 48. Is s prime?
False
Let o(h) = -2755*h + 3050. Is o(-93) a prime number?
False
Let b(d) = 3*d**3 - 65*d**2 - 96*d - 95. Is b(49) a composite number?
True
Suppose 0 = -4*b + 5*r - 8, -3*b - 17 = -2*b - 5*r. Suppose -63 = 3*c - 0*c - 2*x, -b*c = -4*x + 63. Is 21852/14 - 3/c a composite number?
True
Let d(b) = -b**3 - 10*b**2 + 12*b + 13. Let o be d(-11). Let a = 12 - 10. Suppose -2*k = o*i - 594, -5*k + 0*k + 1488 = a*i. Is k a prime number?
False
Suppose -646312 - 449379 = -a. Is a composite?
False
Let n(h) = 11*h - 59. Let a be n(8). Let w(l) = l**3 - 28*l**2 + 18*l - 14. Is w(a) a composite number?
True
Let b = -270 - -270. Is (-2 - b)/(80/(-616840)) a prime number?
False
Suppose 2122 = 18*u - 19*u. Is -3*(u/9)/((-10)/(-15)) prime?
True
Suppose 17685*b - 17653*b - 121411040 = 0. Is b a composite number?
True
Let j be 27/(4 - 1) + -3. Suppose x - 457 = 4*q - j*q, 0 = q + 2*x - 236. Is q prime?
False
Suppose 16 = -5*h + 9*h. Suppose -h*i - 3*g - 2*g = -448, g = 0. Let d = 271 - i. Is d a composite number?
True
Let r(z) = 6*z - 17. Let l(i) = 7*i - 20. Let u(v) = -4*l(v) + 3*r(v). Let g be (-3)/12 + 31/(-4). Is u(g) a prime number?
True
Suppose -47420 = 10*b + 6*b - 146796. Is b prime?
True
Let u be 2/(-3) + (-115)/(-15). Suppose 4*d + 15 = u. Is (10/1)/d*1354/(-10) a composite number?
False
Let m = 8996 + -13153. Let z = m - -7848. Is z a prime number?
True
Let g(l) = 69*l**2 - 100*l + 11. Is g(-50) prime?
True
Let i = -972 + 524. Let m = 120 + i. Let h = 849 + m. Is h prime?
True
Suppose 1 = w - 2*m - 16, 5 = -m. Is (w + -8)*(-13066 + 5) a prime number?
False
Let q(w) = 3 - 1 + 19*w + 7. Let r = -1011 + 1017. Is q(r) composite?
True
Suppose -77*q - 918 = -59*q. Is (-1802)/(-6) - (q/9 + 5) prime?
False
Suppose -2*a + 60*d - 56*d + 78062 = 0, -4*a + 156047 = 3*d. Is a prime?
False
Is 4/3*(-8)/(-32) + 204920/12 composite?
False
Let q be (19/38)/(1/(-1986)). Let a = q + 3012. Is a a prime number?
False
Suppose 62825 = -75*n + 68*n. Let x = 12604 + n. Is x prime?
False
Let c(o) = -1731*o**3 + 3*o**2 - 96*o - 641. Is c(-8) composite?
False
Let j(m) = -4385*m**3 - 7*m**2 - 39*m - 199. Is j(-6) a composite number?
False
Let p(g) = 3 - 3*g**3 - g + 585*g**2 - 590*g**2 - 2*g. Let r be p(-6). Let o = r + 538. Is o prime?
False
Let t = 44 + -25. Suppose -t*q + 15*q + 1396 = 0. Let b = -188 + q. Is b composite?
True
Let i(m) = -4*m**3 + 7*m**2 + 19*m + 29. Let h be i(-5). Let n = -318 + h. Is n prime?
False
Let g = 783355 - 99302. Is g prime?
True
Suppose -43*n = -36*n + 434. Let x = -59 - n. Is x + 20/(-6) + (-27246)/(-9) a composite number?
True
Suppose 5*h + 18851 = -38*x + 39*x, -x - 5*h + 18891 = 0. Is x a prime number?
False
Let x = 687589 + 70660. Is x a composite number?
True
Let x(g) = 19*g**2 + 12*g - 34. Let u = 139 + -129. Let h = 2 + u. Is x(h) composite?
True
Is (-6)/((-84)/(-35))*2 - 29252/(-1) a prime number?
False
Let g = -44 - -670. Suppose g = 6*h - 2404. Is h a composite number?
True
Let x = -18 + 18. Let n be 3 - (8 + 6/3 + x). Is ((-2429)/(-3))/n*-3 prime?
True
Suppose 655 + 315 = -2*c. Let g = c - -3030. Is g composite?
True
Let v = 3078 + -2112. Let m = -11 + 11. Suppose 2*p - 5*n = p + v, -n + 5 = m. Is p a composite number?
False
Let q(v) = -10*v - 25. Suppose -4*w + 4*w = 4*w. Suppose w = -f - 6*f - 98. Is q(f) composite?
True
Suppose 0 = 2*b + 5*g - 5, -5*b = 5*g - 9 + 4. Suppose b = -c + 1 + 2, -80514 = -9*j + 3*c. Is j prime?
False
Suppose -k = 8*k + 59580. Let n = k + 15277. Is n prime?
False
Let h be 13/39*15 + 2/(-1). Suppose 0 = 5*v - 7*v + h*m + 45139, -4*v - 3*m = -90323. Is v a prime number?
False
Suppose -c = 2*d + 2, 3*c + 4*d - 2*d - 6 = 0. Suppose 119*y + c = 120*y. Suppose 1408 = y*q + 296. Is q prime?
False
Let g be (-3)/(-3 + (-3)/(-2)). Let q be (4 + -1 + -4)/(g/2300). Let u = q - -2321. Is u prime?
True
Let d(v) = 63*v**2 + 12*v + 5. Let r = -13 - -15. Let k be (r - 6) + (3 - -5). Is d(k) a composite number?
False
Suppose 8*p + 334 = 10*p - 4*z, 0 = -5*z - 10. Let b = p + 232. Is b composite?
True
Let l = 7 - 10. Let h be -1823 - (l - 1/1). Let x = h - -3530. Is x composite?
True
Let n(s) = -3*s - 12. Let y be n(-6). Suppose 4*q + 2*q = y. Is (7 + -3)*q/(-2) + 51 a composite number?
True
Suppose 6*a - 4*a = -2, -21353 = -4*j - 3*a. Is j a composite number?
True
Let c = -404749 + 576078. Is c a composite number?
False
Suppose -h - 3 = 0, 4*l - 3*h - 349 = 2*l. Suppose -6*f = -9488 + l. Is f a prime number?
True
Let b(d) = 54599*d - 242. Is b(1) a prime number?
False
Let g be (40/12 - -8)*13434/4. Suppose 3*q = s - g, 5*s - q = 85940 + 104403. Is s a composite number?
False
Let f be (-5 - (-1 + -4))*(0 + -1). Suppose -9*m + 40*m - 29698 = f. Is m prime?
False
Is (-4)/14*((-10524275)/50 - -20) a prime number?
True
Suppose 8*h + 896 = 9*h - 1950. Is h prime?
False
Let m = 2860 + 1006. Let n = 23839 - m. Is n prime?
True
Let r be ((-12837)/(-30) - 1) + (-19)/(-190). Let g = 626 - r. Is g composite?
False
Suppose j = -2, -11*u - 30*j + 627591 = -34*j. Is u a prime number?
False
Suppose 0 = 6*d + 4 - 16. Suppose -d*u - 4 = -8. Is ((-2144)/24)/(u/(-3)) a composite number?
True
Suppose 10*v - 78 = 72. Suppose 0 = -3*b - v, -3*p - b - 4*b = 19. Suppose 4*s - p*s = 5006. Is s a composite number?
False
Let u = -7038 - -12632. Is u a prime number?
False
Suppose 5*k - 8*k = -5*p + 115549, 5*k - 69309 = -3*p. Suppose 124654 = 6*s - p. Is s prime?
False
Let f(g) = -g**2 - 9*g + 14. Let b be f(-6). Suppose -b*q + 38738 + 224334 = 0. Is q composite?
False
Suppose 1946025 = 4*t + 5*f, -f + 4*f = -t + 486508. Is t a composite number?
True
Let d(g) = -g**3 + 12*g**2 - g + 15. Let n be d(12). Suppose n*v + 6436 = -2*q, -3*q = q - v + 12886. Let i = 4624 + q. Is i prime?
False
Let x(s) = 3 - 5 - 11 - 1 + 932*s - 4289*s. Is x(-11) composite?
False
Let x = 676 + -1142. Let s = 1577 + x. Is s a composite number?
True
Let j = -9 - -4. Let t = 10 - j. Let i(x) = x**3 - 14*x**2 - 11*x + 19. Is i(t) a composite number?
False
Suppose -42*v + 11*v = -22*v - 394191. Is v composite?
True
Let q = -127788 - -358717. Is q composite?
False
Let x be (-52*2/16)/(1/(-17014)). Suppose 22*l = -x + 307843. Is l a composite number?
True
Suppose 118*h + 103744 = 122*h + 2*w, 2*h = -4*w + 51866. Is h a composite number?
True
Suppose 30 = 4*d + j, -4*d - 4*j - 32 = -7*d. Is (1473/(-12))/(0 + (-2)/d) composite?
False
Suppose -3*w - 15 = -5*q - w, 0 = 2*q - 5*w - 6. Suppose 0 = x + 2*t - 2, q*t + 0*t = x - 22. Is 2530/4 - x/(-20) prime?
False
Let z = -208385 - -297682. Is z prime?
False
Let p = 408020 - -107643. Is p a composite number?
False
Let o = 2780 - -842. Let t = o + -1779. Is t a composite number?
True
Let a = 45 + -38. Suppose 0 = 3*p - 4*p - a. Let g(z) = 15*z**2 + z + 5. Is g(p) prime?
True
Let g(f) = -f - 20. Suppose 37 - 17 = -t. Let k be g(t). Suppose c + 5*a - 66 = -14, -5*c - 2*a + 375 = k. Is c prime?
False
Let s(z) be the first derivative of -11*z**2 - 33*z + 28*z**2 + 17*z**2 + z**2 - 7. Is s(10) a prime number?
False
Let m(p) = -3*p**3 + 149*p**2 + 64*p - 66. Is m(50) prime?
False
Let x(z) = -11*z - 10. Let h be x(-2). Suppose 3 + h = 2*u + q, 3*u - 3*q = 27. Suppose u*t + 31273 = 19*t. Is t a prime number?
True
Suppose -7034786 + 1316231 = -45*q. Is q composite?
F